{"id":268,"date":"2023-03-13T19:48:47","date_gmt":"2023-03-13T18:48:47","guid":{"rendered":"https:\/\/www.salzburgopen.dance\/?page_id=268"},"modified":"2026-04-06T16:38:33","modified_gmt":"2026-04-06T15:38:33","slug":"tanzschul-turnier","status":"publish","type":"page","link":"https:\/\/www.salzburgopen.dance\/?page_id=268","title":{"rendered":"Tanzschul Turnier"},"content":{"rendered":"\n<p><strong>Turnier Information<\/strong>:<\/p>\n\n\n\n<div class=\"wp-block-group alignfull has-text-color has-background\" style=\"color:#000000;background-color:#ffffff\"><div class=\"wp-block-group__inner-container is-layout-flow wp-block-group-is-layout-flow\">\n<h2 class=\"wp-block-heading has-text-align-center\" id=\"schedule-a-visit\" style=\"font-size:32px;line-height:1.15\"><strong>DANCE SCHOOL EVENTS<\/strong><br><\/h2>\n\n\n\n<div class=\"wp-block-buttons is-content-justification-center is-layout-flex wp-container-core-buttons-is-layout-16018d1d wp-block-buttons-is-layout-flex\">\n<div class=\"wp-block-button\"><a class=\"wp-block-button__link has-luminous-vivid-orange-background-color has-background wp-element-button\" href=\"https:\/\/competition-entry.com\/regform.php?vnr=977&amp;sess=63344&amp;typ=paa\" target=\"_blank\" rel=\"noreferrer noopener\">ENTER DANCE SCHOOL COMPETITIONS HERE !!!<\/a><\/div>\n<\/div>\n\n\n\n<div style=\"height:64px\" aria-hidden=\"true\" class=\"wp-block-spacer\"><\/div>\n<\/div><\/div>\n\n\n\n<p><\/p>\n\n\n\n<p>Bankverbindung bei \u00dcberweisung:<br>Kontoname: PTV\u00d6 Competition Registrations<br>Bank: Allg. Sparkasse O\u00d6 Bank<br>IBAN: AT39 2032 0321 0067 2562<br>BIC\/SWIFT: ASPKAT2LXXX<\/p>\n\n\n<p><strong>Turnierinfo<\/strong><br \/>Samstag, 20.Juni 2026, Turnierbeginn\u00a0 09:30 Uhr<\/p>\n<p>Nennschluss: 15. Juni 2026<\/p>\n<p><strong>Altersgruppen:<\/strong><\/p>\n<ul>\n<li>Kinder unter 12 Jahren<\/li>\n<li>Jugend &amp; Erwachsene<\/li>\n<li>Erwachsene 40+<\/li>\n<\/ul>\n<p><strong>Ausgeschriebene Klassen:\u00a0<br \/><\/strong><\/p>\n<ul>\n<li>Salzburg Open Dance School Competition \u2013 Standard (EW\/TG\/QS)<\/li>\n<li>Salzburg Open Dance School Competition \u2013 Latein (CC\/RU\/JI)<\/li>\n<li>Salzburg Open Dance School Competition \u2013 Discofox<\/li>\n<li>Salzburg Open Dance School Competition \u2013 Salsa<\/li>\n<li>Salzburg Open Dance School Competition \u2013 Bachata<\/li>\n<\/ul>\n<p><strong>Nenngeld:<\/strong><br \/>Das Nenngeld betr\u00e4gt EUR 20,00 pro Person, unabh\u00e4ngig von der Anzahl der Kategorien!<br \/>Tageseintritt: EUR 10,00 pro Person<br \/>SOMIT EUR 30\/ Person<\/p>\n<p>Wir bitten, das Nenngeld direkt vor Ort beim Check-In im Turnierb\u00fcro in bar zu bezahlen.<strong><br \/><\/strong><\/p>\n<p><strong><br \/>Preise:<br \/><\/strong>Urkunden, Medaillen und Pokale<\/p>\n<p><strong>Kleiderordnung:<\/strong>\u00a0<br \/>Keine Turnierkleidung<br \/>Dame: Rock &amp; Bluse oder Kleid<br \/>Herr: dunkle Hose &amp; Hemd<\/p>\n\n\n<p><\/p>\n\n\n\n<p>&nbsp;<\/p>\n\n\n\n<p>&nbsp;<\/p>\n","protected":false},"excerpt":{"rendered":"<p>Turnier Information: DANCE SCHOOL EVENTS Bankverbindung bei \u00dcberweisung:Kontoname: PTV\u00d6 Competition RegistrationsBank: Allg. Sparkasse O\u00d6 BankIBAN: AT39 2032 0321 0067 2562BIC\/SWIFT: ASPKAT2LXXX TurnierinfoSamstag, 20.Juni 2026, Turnierbeginn\u00a0 09:30 Uhr Nennschluss: 15. Juni 2026 Altersgruppen: Kinder unter 12 Jahren Jugend &amp; Erwachsene Erwachsene 40+ Ausgeschriebene Klassen:\u00a0 Salzburg Open Dance School Competition \u2013 Standard (EW\/TG\/QS) Salzburg Open Dance School Competition \u2013 Latein (CC\/RU\/JI) Salzburg Open Dance School Competition \u2013 Discofox Salzburg Open Dance School Competition \u2013 Salsa Salzburg Open Dance School Competition \u2013 Bachata Nenngeld:Das Nenngeld betr\u00e4gt EUR 20,00 pro Person, [&hellip;]<\/p>\n","protected":false},"author":1,"featured_media":0,"parent":0,"menu_order":0,"comment_status":"closed","ping_status":"open","template":"","meta":{"footnotes":""},"class_list":["post-268","page","type-page","status-publish","hentry"],"_links":{"self":[{"href":"https:\/\/www.salzburgopen.dance\/index.php?rest_route=\/wp\/v2\/pages\/268","targetHints":{"allow":["GET"]}}],"collection":[{"href":"https:\/\/www.salzburgopen.dance\/index.php?rest_route=\/wp\/v2\/pages"}],"about":[{"href":"https:\/\/www.salzburgopen.dance\/index.php?rest_route=\/wp\/v2\/types\/page"}],"author":[{"embeddable":true,"href":"https:\/\/www.salzburgopen.dance\/index.php?rest_route=\/wp\/v2\/users\/1"}],"replies":[{"embeddable":true,"href":"https:\/\/www.salzburgopen.dance\/index.php?rest_route=%2Fwp%2Fv2%2Fcomments&post=268"}],"version-history":[{"count":15,"href":"https:\/\/www.salzburgopen.dance\/index.php?rest_route=\/wp\/v2\/pages\/268\/revisions"}],"predecessor-version":[{"id":502,"href":"https:\/\/www.salzburgopen.dance\/index.php?rest_route=\/wp\/v2\/pages\/268\/revisions\/502"}],"wp:attachment":[{"href":"https:\/\/www.salzburgopen.dance\/index.php?rest_route=%2Fwp%2Fv2%2Fmedia&parent=268"}],"curies":[{"name":"wp","href":"https:\/\/api.w.org\/{rel}","templated":true}]}}